(d) = -247*d + 57. Let h = 45 + -42. Let p(t) = h*f(t) - r(t). Is p(15) a prime number?
False
Let z(s) = 3165*s**2 + 109*s + 17. Is z(5) composite?
False
Let p(c) = c**2 + 13*c + 44483. Is p(0) prime?
True
Is 100199/((1/(-4))/((-83)/332)) prime?
False
Is (-3)/((-90)/(-410))*419*3*-1 a prime number?
False
Is (-3)/12 - 19/(532/(-1871555)) a prime number?
True
Let x(a) = 416*a - 122. Let g be x(28). Let r = g + -8035. Is r composite?
False
Suppose 25*t - 1472874 - 244901 = 0. Is t prime?
True
Let n be 84/(((-18)/1011)/(-6)). Suppose 0 = 7*u - 0*u - n. Suppose 29*b + u = 35*b. Is b prime?
False
Suppose 0 = 5*v - 3*r - 32623, -5*r + 1023 = 2*v - 11989. Is v a composite number?
False
Suppose -4*c - 2*c + 18 = 0. Let h(i) = 11 + 7 - c - 3*i - 2 + 2*i**2. Is h(6) a composite number?
False
Let w = 56 + -39. Suppose -12*a - 101095 = -w*a. Is a composite?
False
Let h(v) = 333*v - 39 + 106 - 18*v. Is h(18) prime?
True
Let y = 2718315 + -1416902. Is y composite?
False
Let v = 86 + -107. Is (-11192)/(-6) - (-7)/v prime?
False
Let s be ((-2)/2 + 0)/(17/(-34)). Suppose l + 643 = 3*p, s*p - 4*p + 434 = -2*l. Is p composite?
True
Suppose -2674718 - 7932516 = -41*d - 1031725. Is d a composite number?
False
Suppose 4*s - 2 = 18. Suppose -2*x - 136 = s*y, 7 + 141 = -5*y + 4*x. Let v = y + 42. Is v a prime number?
False
Suppose 163583 = -127*z + 134*z. Is z composite?
False
Suppose -66249 = -800*i + 799*i + 2*j, 2*i - 132458 = -4*j. Is i prime?
True
Let b be -2*(-17)/4 + (-48)/(-32). Suppose 3430 = 5*k - 5*a, b*k - 9*k = -2*a + 695. Is k prime?
False
Let d = 59 - 59. Suppose 3*q = 6*q + k - 27065, d = 2*q + k - 18042. Is q a prime number?
False
Let j(l) = -1011*l - 10. Let h be (-2)/(-3) - (-64)/120*-5. Let f be j(h). Suppose -2*b = 2*b - f. Is b a prime number?
True
Let d = 762 + 42470. Suppose 7*s - d = 3227. Let v = s + -4736. Is v composite?
False
Suppose 3*h + 114528 = 5*h + 16652. Is h composite?
True
Let d(c) = 4*c**3 - 6*c + 6. Let p be d(1). Suppose h + p*b = 5755, 17265 = 2*h + h + 3*b. Is h a prime number?
False
Suppose -1131153 = 26*y - 4507019. Is y composite?
False
Let f = -24 + 25. Let j be (-1608)/((-2)/f) + 4. Suppose 27*d - 31*d + j = 0. Is d a prime number?
False
Let t = 866 + -860. Suppose -226824 = -18*c - t*c. Is c a composite number?
True
Let k be ((-2128)/(-70))/(4/10). Suppose -7*z + k = -4*z - 5*y, 4*z - 5*y - 98 = 0. Is z a prime number?
False
Suppose -98 = 18*c - 11*c. Is (-4)/8 + (-30849)/c composite?
False
Let x be (-3 + 5)/(6/2277). Let s = 40 + -42. Is 0 - x/(-6) - 1/s prime?
True
Let u be 1 + 3 - 4 - -2. Suppose u*m = j + j - 1928, -3*j + m + 2898 = 0. Suppose o - j = 826. Is o a prime number?
False
Let f(r) = r**2 - 7*r - 12. Let m be f(-3). Suppose 20791 = -j + m*j. Is j a prime number?
True
Let l be ((-6)/(-6))/(-1 - 3/(-2)). Suppose l*f + r - 12015 = 0, -5*f - 6*r + 2*r + 30039 = 0. Is f prime?
True
Let f be (-12)/8*3340 + 1. Let g = f + 2946. Let i = g + 3574. Is i composite?
False
Let y be 2/(-5) + (-1772)/(-5). Let m(f) = -150*f + 599. Let j be m(5). Let k = y + j. Is k composite?
True
Let o = 27725 - -4938. Suppose 3*q = 2*b - 24099 - o, -5*q - 28367 = -b. Is b a composite number?
False
Suppose 0 = -7*s + 177063 + 575878. Is s a composite number?
False
Let y = 17843 + -12282. Is y a composite number?
True
Let v(r) = -6*r**2 + 91*r - 18. Let j be v(15). Is 892*j*1/(-12) composite?
False
Let s = 4175 - -1180. Let u = -2966 + s. Is u a composite number?
False
Suppose -2*y + 4*y = -0*y. Let m be (-4)/(-16)*(y + 8). Suppose 729 = m*v - 179. Is v a composite number?
True
Suppose t - 2*t + 117856 = 31*f, -t - f + 117706 = 0. Is t a composite number?
False
Suppose 93*u - 94*u = -307. Suppose -a = 5*q - u, 0 = -5*a + a + 3*q + 1228. Is a composite?
False
Suppose -4*s - 3*j = -72, 2*j - 83 = -s - 4*s. Let p = 20 - s. Suppose -117 = p*d - 707. Is d a prime number?
False
Let c be ((-28)/(-8))/(-7)*-406*83. Suppose -60*b + 53*b = -c. Is b a prime number?
False
Let l = 2 - 0. Let i(w) = 2*w**3 + 28*w**2 + 8*w - 151. Let n be i(-9). Suppose -h = l*f + 2*f - n, -2*f = -2*h + 1174. Is h prime?
True
Is (-5786319)/(-165) + (-2)/(-5) a prime number?
True
Let t = 11 + 0. Suppose 26 = -t*f - 370. Is (f/18)/(1266/1270 - 1) prime?
False
Let d = -1306012 - -1940627. Is d prime?
False
Let s(k) = -4*k**3 - 10*k**2 - 6*k + 47. Let u be s(-14). Suppose 3*y - u = p, -y + 2032 + 1017 = -p. Is y a composite number?
False
Suppose -2*t + 25598 = a - 37990, -5*t - 5*a = -158975. Is t a prime number?
True
Suppose 4*a - a + 605 = 5. Suppose 2*v - 143 = -841. Let k = a - v. Is k prime?
True
Let o(d) = -36573*d + 1048. Is o(-3) a composite number?
True
Let d(t) = t**2 + 4*t + 17. Let q be d(-5). Suppose 19*p - 116240 = -5*v + q*p, 4*p = -5*v + 116275. Is v a prime number?
True
Suppose 58*q - 128*q + 8307782 = -56*q. Is q a composite number?
True
Let f = -36 + 54. Suppose -13*s = -f*s + 1350. Suppose -4*q + 2*q + 733 = 5*r, 2*r - 5*q = s. Is r prime?
False
Let w(p) = 14533*p**2 - 319*p + 73. Is w(7) a prime number?
True
Suppose -142*c + 12749285 = 3854263. Is c a prime number?
False
Let t = 37 + -37. Suppose t*y + 4*y = 3*l + 1325, 2*y + 2*l - 666 = 0. Let g = 490 - y. Is g prime?
False
Let a(x) = -126*x - 45. Let s be a(11). Suppose -2132 = v - 2*v - 4*t, 3*v = -t + 6363. Let f = v + s. Is f a composite number?
True
Suppose 16 = -11*g + 60. Suppose -g*v = -6*v + 822. Is v prime?
False
Let u = 207 + -211. Is 3/(u - -1) - (-16 + -2272) prime?
True
Is 62573072/42 + (-32)/672 a prime number?
False
Is -13 + 4 + -4 + 45804/6 composite?
False
Suppose 0 = -4*t - 9*t + 6*t. Suppose -65*w + 62*w + 114 = -4*n, t = -2*w - 5*n + 53. Is w a prime number?
False
Suppose -3*i + 3 = -3. Let a be 0/(i/(-6)*-3). Suppose u + 3*u - 1204 = a. Is u a composite number?
True
Let n = 346 - 342. Suppose -17109 = -13*j + n*j. Is j a composite number?
False
Suppose 0 = 17*a - 16*a, 0*u + 5*a = -u + 68993. Is u a prime number?
True
Let p = 786499 + -510800. Is p composite?
False
Suppose -325*z + 278*z = -705893. Is z a prime number?
False
Suppose -4*b + 4*m = 5*m - 281, 4*m - 296 = -4*b. Is (-8278)/(-6) + 92/b a prime number?
True
Let r(m) = -2*m + 30. Let x be r(9). Suppose -x*g + 528 = 4*g. Is g composite?
True
Let i = -35 + 35. Suppose 0 = -3*y + j + 1978, i = -3*y - 4*j - 0*j + 1958. Suppose y = 5*w - 637. Is w a prime number?
False
Suppose -4*g + 386699 - 9955 = 4*a, 0 = a + 5. Is g a composite number?
True
Let d be ((-15)/9 + 1)*1653390/(-12). Suppose -d = -39*w + 34*w. Is w a composite number?
False
Let y be -6*(27/36)/((-6)/3116). Let c be (-680)/(-1) + -1 + 1. Let h = y - c. Is h composite?
False
Suppose -2*o = -5*i + 1785195, -83*i + 3*o = -79*i - 1428149. Is i a composite number?
True
Let r be 200 + 4/((-8)/(-6)). Suppose 5*g + 655 = 195. Let z = r + g. Is z prime?
False
Suppose 14*z = -3*z + 925529 + 2382824. Is z composite?
False
Let b = -519926 - -1438289. Is b prime?
False
Suppose 2*y = -18 + 28. Let l(b) = -2*b + 6. Let u be l(y). Let v(t) = 25*t**2 + t - 1. Is v(u) a composite number?
True
Let u = -126 - -9. Let j = u + 266. Is j composite?
False
Let u(v) = 2*v**3 - 101*v**2 + 157*v - 108. Let w be u(49). Let q be -20*41/8*-6. Let p = q - w. Is p composite?
False
Let g(x) be the third derivative of 179*x**4/12 + 13*x**3/6 - x**2 + 9*x. Is g(3) a prime number?
True
Is (-7 + 405/60)/(-2 - 3450981/(-1725492)) composite?
False
Let y(b) = b + 7. Let d be y(-1). Let u be (-2)/(-1 + 0)*-2. Is (u/12)/(d/(-558)) composite?
False
Let c be -2 + -2 - -3 - -23304. Let t = c + -7050. Is t prime?
True
Let d be -4*1*(-18 - -17). Suppose 5*h - d*h = 7. Suppose 10*x + 1783 = r + h*x, 5*x + 10 = 0. Is r prime?
True
Let x be -6*(1 - (-15)/(-9)) - -775. Let z = x - -476. Is z prime?
False
Suppose 4*z = -2*f + 18, -2*f + 3*z = 3*f + 7. Let x(k) = -1. Let d(t) = 265*t + 5. Let y(m) = f*d(m) + 4*x(m). Is y(4) composite?
False
Suppose 3*o = 1768 - 499. Suppose -93 = 4*k + o. Is -6 + 12/3 - k prime?
True
Let h(n) be the third derivative of 37/24*n**4 + 15*n**2 + 0 + 11/6*n**3 + 0*n. Is h(2) prime?
False
Suppose -64238 - 274567 = -3*a + 3*j, -4*j = 5*a - 564711. Is a composite?
False
Suppose -29*m = -7*m - 1 - 131. Suppose 26 = -2*u + 5*h, -5*h + 3 = -17. Is u/3*(m - 59) a composite number?
False
S